x**2. Give f(-2).
-3
Let a(w) be the second derivative of -5*w**3/3 - 35*w**2/2 - w - 156. What is a(-16)?
125
Suppose 282 - 540 = -4*k - 274. Let o(r) = 3*r + 9*r**2 - 4*r**2 - 2*r**3 - 1 + 3*r**3. What is o(k)?
3
Let g(z) = 546*z + 516*z + 17 + z**2 - 1047*z. Determine g(-12).
-19
Let s(p) = 10*p - 2. Let v be s(1). Let z(n) = n**2 - 27*n + 11. Let t(r) = r**2 - 30*r + 12. Let m(g) = 6*t(g) - 7*z(g). Determine m(v).
3
Let d(k) = 278*k + 560. Let b be d(-2). Let f(l) = l**3 - 6*l**2 + 4*l - 2. What is f(b)?
-18
Let x(t) be the first derivative of t**3 - 3/2*t**2 + 217 + 1/4*t**4 + t. Determine x(-4).
-3
Let o(h) = h**3 + 46*h**2 - 49*h - 98. Let b be (-2)/6*129 + (-5 - -1). What is o(b)?
-4
Let f = 1099 - 695. Let t = f - 409. Let j(p) = -6 - 2*p - 2*p**3 + 4*p**2 + 4*p**3 - 5*p - p**3. What is j(t)?
4
Let q(p) be the third derivative of -14*p**4/3 + 37*p**3/2 - 4*p**2 + 1113. Calculate q(1).
-1
Let a(j) be the first derivative of -16*j**2 + 219*j - 324. Calculate a(7).
-5
Let o(a) = 3*a**2 + 6*a + 466. Let q(g) = -g**2 + g - 118. Let j(y) = o(y) + 4*q(y). Let z = 13 - 2. Calculate j(z).
-17
Suppose -1 = 34*w - 33*w + r, 2*w + 8 = -3*r. Let l(c) = -c - 3 + 3*c**2 - 3 - 2*c**2. Give l(w).
14
Let c(z) = -5*z**2 + 6*z + 7. Suppose 50*h - 48 = 38*h. Give c(h).
-49
Let z be ((-8)/6)/(6/(-54)). Suppose -4 - z = -8*b. Suppose -3*f + s = -b*s + 9, -3*f + 5*s = 3. Let x(t) = -t**2 - 6*t + 7. Calculate x(f).
7
Let l(b) = 2*b + 6. Let x(p) be the second derivative of p**3/6 + 2*p**2 + 15*p. Let n be x(-2). Suppose -10 + 2 = n*q. Determine l(q).
-2
Let c(r) = r**3 - 11*r**2 + 8*r - 3. Suppose f - 401 = -2*a - 379, f - a = 4. Determine c(f).
-23
Let a(y) be the third derivative of 1/2*y**3 + 1/6*y**4 + 0*y + 1/60*y**5 + 0 - 31*y**2. What is a(-4)?
3
Let t = -4134 - -4144. Let d(b) = -b**3 + 11*b**2 - 14*b - 2. Calculate d(t).
-42
Let d(k) be the second derivative of k**5/20 - k**4/12 + k**3/6 - k**2/2 - 55*k. Suppose -3*q + 24 = -4*u, 13*u - 12*u = 3*q - 15. Determine d(u).
-40
Let l(n) = -11*n**2 + 18*n - 3. Let m(c) = 9*c**2 - 15*c + 3. Let o be 184/(-40) - -1 - (-4)/(-10). Let d(h) = o*l(h) - 5*m(h). What is d(5)?
-13
Let k(x) be the first derivative of -x**4/12 - x**2 - 215*x - 13. Let q(m) be the first derivative of k(m). What is q(4)?
-18
Let r be (168/18)/(2/9). Let t = r + -35. Let v(a) = -7*a**2 - 3 - a**2 - 4*a + t*a**2 + 0. What is v(-2)?
1
Suppose 31*f - 6 = 11*f + 17*f. Let v(j) = -9*j + 14. Calculate v(f).
-4
Let a(j) be the second derivative of -j**5/20 + j**4/4 - j**3/3 + 2*j**2 + 102*j + 2. Suppose -4*h + 3 = -2*m - 1, 5*h - 35 = -5*m. Let v = h + 0. What is a(v)?
-2
Suppose -5*j - 2*b = b + 10, -3*j = 3*b + 6. Let p(q) be the first derivative of -58 - q - 1/2*q**2. Give p(j).
1
Let r(g) = -11*g - 5612*g**2 - 6 + 2807*g**2 + 2792*g**2 - 2*g**3. Determine r(-6).
24
Let y(v) = -v**3 + 21*v**2 - 4*v + 8. Let b(h) = 6*h**2 - h + 2. Let c(p) = -4*b(p) + y(p). Let d be 8/(-1)*(-1)/(-2). Determine c(d).
16
Suppose 29*f = 14*f + 15. Let g(v) = 4 - f + 466*v**2 + v - 468*v**2. Give g(-2).
-7
Let h(v) be the third derivative of 5*v**4/24 - v**2 + 67*v. Let b = -292 + 295. Determine h(b).
15
Let p(o) = -54*o + 125. Let j(f) = -129*f + 312. Let z(s) = 5*j(s) - 12*p(s). Determine z(-18).
6
Suppose 0 = 79*y + 116 + 21 + 21 + 237. Let n(w) = 0*w**2 + 3*w**2 + 12*w + 0*w**2. Calculate n(y).
15
Let v(i) = -i**3 - i**2 + i. Let u(r) = r**3 - 4*r**2 + 2*r + 1. Let m(x) = u(x) - 3*v(x). Let j = -12873 + 12875. What is m(j)?
27
Suppose 18*l = 22*l + 328. Let g = l - -82. Suppose -5*y = -5 - g. Let n(v) = -18*v**2 + v - 1. Calculate n(y).
-18
Let o(g) be the third derivative of g**5/60 - g**4/24 - g**3/6 - 12*g**2. Let z = -49 - -52. Let m be o(z). Let i(q) = q**2 - 5*q + 1. Give i(m).
1
Let z(c) = c**2 + 3*c + 2 + 3*c + 1. Let k(i) be the third derivative of i**4/6 - 2*i**3/3 - 2*i**2 - 22. Let q be k(0). Calculate z(q).
-5
Let y(f) be the second derivative of -f**4/24 + 5*f**2 + f - 1. Let l(z) be the first derivative of y(z). Calculate l(-2).
2
Suppose -3*r - f = 4*f - 15, -3*r = f - 15. Let q(l) = -l + 3. Calculate q(r).
-2
Let w(l) be the second derivative of -l**3/3 - l**2 - 97*l - 10. What is w(3)?
-8
Let h(d) = 9*d - 192. Let y(p) = -2*p + 40. Let a(n) = 5*h(n) + 24*y(n). Suppose 24 = -18*z + 22*z - 4*s, 0 = 3*z + 4*s + 3. Calculate a(z).
-9
Let r(c) = -c**3 - 4*c**2 + 6*c + 28. Let p be r(-3). Let z(t) = -32*t**3 - t**2 + 3*t - 1. What is z(p)?
-31
Let k(v) = -14*v**3 - 5*v**2 - 4*v + 1. Let u be (-2)/(-6)*(60/70)/(18/(-63)). Give k(u).
14
Let g(x) = x**2 + 3*x + 7. Let a be g(-3). Suppose 6*r - a*r = 0. Suppose 15 = -r*w - 3*w. Let f(k) = -k**3 - 5*k**2 + 2*k + 6. Determine f(w).
-4
Let v(p) = -3*p + 1. Let o be v(-1). Let l(h) = 1 - o*h + 0 + 3*h. Suppose 4*i - 26 = d, 0 = -3*d + 50*i - 53*i + 42. Give l(d).
-5
Let x(u) be the third derivative of -u**6/15 + 147*u**2. Determine x(1).
-8
Let y(u) be the third derivative of -u**6/120 - 4*u**5/15 - u**4/8 - 47*u**3/6 - 3*u**2 + 4*u + 250. Give y(-16).
1
Let v(k) be the second derivative of -7*k**5/20 - 5*k**4/6 + 7*k**3/3 - k**2 + 15*k - 2. Let f(p) = p**3 - 3*p - 1. Let l(n) = -6*f(n) - v(n). What is l(-10)?
-32
Suppose -p = 3*a - 4*p + 9, -4*p + 4 = -2*a. Let f(v) = -10*v - 40. Give f(a).
0
Let y = -13 - 47. Let u be 3*8/y*(9 + 1). Let i(o) be the third derivative of -o**5/60 + o**3/3 - 6*o**2. Calculate i(u).
-14
Let t(y) be the first derivative of -y**5/60 - y**4/4 + 30*y**3 - 128. Let u(q) be the third derivative of t(q). Determine u(6).
-18
Let s(h) = 9*h + 15. Suppose 300*n - 5*l - 20 = 302*n, 0 = 5*n + 3*l + 12. Determine s(n).
15
Let n(s) be the third derivative of 11*s**4/24 - 10*s**3 - 2190*s**2 + 1. Calculate n(7).
17
Let j be (-6 - (3 + -6)) + 7. Let x(d) = 13*d - 1. Let u(h) = -3*h + 1. Let f(w) = -3*u(w) - x(w). What is f(j)?
-18
Let k(y) be the second derivative of -y**5/20 + y**4/4 + 5*y**3/6 - 3*y**2/2 + 2*y + 449. Determine k(3).
12
Let j(b) = b**3 - 6*b**2 + 3*b + 7. Suppose -4*h = -8, 4*v - 8*v - 4*h = -16. Let r be (2 - (v - 2))*(9 - 7). Suppose 20 = r*g - 0. Give j(g).
-3
Let g = -1 - 2. Let u(n) be the second derivative of n**5/20 + n**4/6 - n**3/2 + n**2 + 4312*n. Determine u(g).
2
Let h(s) = 0*s + 0*s - 3*s. Let w(a) = 3*a. Suppose 9 - 45 = 4*q - 2*t, 0 = -4*q - 5*t - 8. Let z(l) = q*h(l) - 6*w(l). Give z(-6).
-18
Let t(y) = 14*y + 8. Let n = -6209 - -6209. What is t(n)?
8
Let i be (-1)/(2 + (-5)/3). Suppose -9*c - 16*c = 0. Let v(r) = -3*r + c*r + 5*r + 3*r + 2. Determine v(i).
-13
Let h be 8/44 - (-5558)/(-77). Let t be h/(-468) - 126/(-26). Let r(v) = -v + 5. Determine r(t).
0
Let c(z) = -z**2 - 12*z + 43. Suppose 6*s + 2 = 3*s - 5*x, 0 = 3*s - 4*x + 74. Determine c(s).
15
Let u(k) = -k + 2. Let b = -351 + 353. Suppose 3 = -21*z + 18*z - r, b*z + 5*r = -2. Give u(z).
3
Suppose 139*v - 947 = -2376 - 934. Let z(g) = g**2 + 19*g + 39. What is z(v)?
5
Suppose 3*u + 83 = -40*u + 212. Let t(x) be the second derivative of 0 + 1/20*x**5 + 2/3*x**u + 6*x - 3/2*x**2 - 1/3*x**4. Determine t(3).
0
Suppose 0 = -4*u + 24 + 240. Let l be u/78 + 8/52. Suppose -l = -x - 5*z + 3, -5*x - 2*z - 3 = 0. Let f(o) = 7*o**2 - o - 1. Calculate f(x).
7
Let z be 2/(-6) - (-208)/48 - 2. Let p(w) = 2*w**z - 7*w**2 + 13 + 5*w**2 - 2 + w**2 - 6*w. Determine p(5).
6
Let z(j) = j + 36*j + 474 + 24*j - 69*j. Calculate z(59).
2
Let g be (-1848)/48*(-32)/(-56). Let r(p) = 4*p - 20. What is r(g)?
-108
Let w(m) be the third derivative of -m**7/840 - m**6/90 - m**5/60 + m**4/12 - 152*m**3/3 + 207*m**2. Let l(b) be the first derivative of w(b). What is l(-3)?
-1
Let g(p) = -21*p. Suppose 267 = 3*d + 72. Let z(n) = 230*n. Let a(u) = d*g(u) + 6*z(u). Let h be ((-2)/6)/((-13)/(-39)). Determine a(h).
-15
Let k(l) = 3*l**3 - 97*l**2 + 14*l - 188. Let g(f) = -2*f**3 + 65*f**2 - 9*f + 126. Let n(u) = -8*g(u) - 5*k(u). Determine n(35).
2
Let q(t) = 16*t + 14*t + 9*t + 15*t + t**3 + 4 - 7*t**2 - 49*t. Let g = -35 - -39. Suppose 0 = y + a - 5*a - 8, -4*y + 20 = -g*a. Determine q(y).
-24
Let q(l) = 30*l**3 + 110*l**2 + 45*l + 126. Let d(z) = -2*z**3 - 8*z**2 - 3*z - 9. Let w(f) = -29*d(f) - 2*q(f). Determine w(5).
44
Let u(y) = -16*y + 98*y - 44*y + 11 - 29*y - y**2. Give u(8).
19
Let z(l) = 2*l**2 - 10*l + 28. Let h(g) 